(a) = a**3 + 2*a**2 - 40*a - 46. Give z(0).
-46
Let u(d) = 5*d**2 + 440*d - 1788. What is u(-92)?
52
Let t(c) = 2*c**2 + 39*c - 785. What is t(-30)?
-155
Let o(v) = -7*v - 359. Determine o(-45).
-44
Let x(c) = 957*c - 5547. Determine x(6).
195
Let j(b) = -11*b**2 - 35*b + 457. Determine j(-6).
271
Let g(r) = 2*r**2 - 50*r + 271. Determine g(16).
-17
Let b(l) = l**3 + 6*l**2 + 5*l + 2. Give b(-1).
2
Let y(h) = 100*h - 2038. What is y(18)?
-238
Let t(k) = -533*k + 13865. Give t(26).
7
Let w(x) = 23*x**2 + 164*x + 19. Determine w(-6).
-137
Let k(d) = -d**3 + 40*d**2 - 66*d - 388. Give k(38).
-8
Let x(j) = j**3 - 69*j**2 - 61*j - 641. Determine x(70).
-11
Let h(z) = -z**3 - 12*z**2 - 6*z + 130. Give h(-5).
-15
Let d(i) = 100*i + 6958. Determine d(-69).
58
Let a(v) = -v**3 - 45*v**2 - 5*v - 329. Give a(-45).
-104
Let v(z) = 21*z**3 - z**2 + 9*z + 9. What is v(-1)?
-22
Let w(t) = 117*t + 4447. What is w(-38)?
1
Let w(x) = -35*x**3 + 16*x**2 - 14*x - 29. Give w(-1).
36
Let y(m) = m**3 - 24*m**2 + 140*m - 162. Calculate y(15).
-87
Let a(x) = x**3 + 18*x**2 + 79*x + 22. Give a(-11).
0
Let i(f) = 2*f**3 - 20*f**2 - 22*f + 6. Calculate i(11).
6
Let v(l) = -2*l**3 - 202*l**2 + 209*l + 510. Calculate v(-102).
0
Let g(l) = -124*l + 11. Give g(2).
-237
Let y(t) = t**3 + 2*t**2 - 197*t + 2. Determine y(-15).
32
Let p(c) = 4*c**2 + 70*c + 66. What is p(-1)?
0
Let x(m) = m**3 - 2*m**2 - 60*m + 213. Calculate x(4).
5
Let y(g) = 9*g**2 + 3*g + 15. Give y(-5).
225
Let q(c) = -c**2 + 1731*c + 45680. What is q(-26)?
-2
Let k(l) = -17*l + 217. Calculate k(14).
-21
Let j(p) = 2*p**2 - 283*p + 4219. What is j(17)?
-14
Let d(s) = s**3 - 14*s**2 - 35*s + 190. Give d(17).
462
Let y(a) = 3*a**3 - 14*a**2 + 53*a - 166. Calculate y(4).
14
Let x(w) = -31*w - 1376. What is x(-44)?
-12
Let g(h) = 15*h - 18. What is g(-24)?
-378
Let q(c) = -49*c + 1804. What is q(35)?
89
Let t(j) = -30*j + 380. Give t(15).
-70
Let t(x) = -6*x**3 + 1541*x**2 + 271*x - 3595. What is t(257)?
3
Let x(i) = -24*i**2 + 178*i - 198. Calculate x(6).
6
Let r(h) = -6*h**2 - 33*h - 13. Determine r(-6).
-31
Let a(h) = -h**3 + 23*h**2 - 37*h - 156. Calculate a(21).
-51
Let w(u) = 7*u**3 - 3*u**2 + 9*u - 5. Determine w(3).
184
Let r(a) = -a**3 + 7*a**2 + 20*a + 28. Determine r(10).
-72
Let s(p) = 24*p + 350. Determine s(-22).
-178
Let y(k) = 1955*k - 109485. What is y(56)?
-5
Let x(b) = -b**3 + 15*b**2 - 71*b + 596. Calculate x(13).
11
Let q(z) = -7*z**2 - 76*z - 14. Give q(-11).
-25
Let f(l) = -60*l - 329. Determine f(-5).
-29
Let v(c) = 2*c**3 + 88*c**2 + 33*c + 1436. Give v(-44).
-16
Let r(l) = 3*l**2 + 54*l + 5. Calculate r(-20).
125
Let n(s) = 2*s**2 + 12*s + 1. Determine n(-5).
-9
Let q(w) = 2*w**3 + 22*w**2 + 39*w - 50. Give q(-9).
-77
Let b(y) = y**3 - 5*y**2 + 2*y - 2. Determine b(5).
8
Let a(r) = -2*r**2 - 16*r + 53. Calculate a(3).
-13
Let h(o) = o**3 + 4*o**2 - 107*o + 538. What is h(5)?
228
Let u(n) = 3512*n - 140485. Give u(40).
-5
Let r(o) = 79*o + 318. Give r(-4).
2
Let j(h) = -20*h**2 - 70*h + 32. What is j(-4)?
-8
Let g(o) = -253*o - 234. Determine g(-1).
19
Let s(m) = -m**3 - 22*m**2 - 44*m - 152. What is s(-21)?
331
Let g(u) = -80*u - 2072. Calculate g(-26).
8
Let y(c) = 8*c - 286. Calculate y(37).
10
Let n(j) = 11*j**2 + 64*j - 21. Determine n(-6).
-9
Let l(u) = -18*u - 900. What is l(5)?
-990
Let i(k) = -k**2 + 8*k - 3. Give i(-11).
-212
Let q(x) = x**3 + 10*x**2 + 4*x - 38. Calculate q(-7).
81
Let q(g) = 189*g - 3783. Determine q(20).
-3
Let h(l) = 2*l**2 + 6*l - 97. Calculate h(-10).
43
Let n(d) = 2*d**2 + 442*d - 426. What is n(-222)?
18
Let w(d) = 2*d**3 + 31*d**2 + 19*d + 64. Determine w(-15).
4
Let g(j) = -873*j - 5250. Determine g(-6).
-12
Let s(i) = -40*i - 633. What is s(-16)?
7
Let n(b) = -b**3 - 19*b**2 - 126*b - 2387. Determine n(-19).
7
Let a(q) = -9433*q - 18872. Determine a(-2).
-6
Let o(q) = 149*q + 141. Give o(-1).
-8
Let n(d) = -6*d + 151. Determine n(24).
7
Let l(w) = -w**3 + 42*w**2 - 43*w + 84. Determine l(41).
2
Let w(h) = 2*h**3 - 14*h**2 - 2*h - 1. Give w(2).
-45
Let i(t) = -5*t**2 - 797*t + 1304. Give i(-161).
16
Let l(q) = -20*q**2 + 78*q - 235. Give l(3).
-181
Let q(n) = 1173*n - 3477. Give q(3).
42
Let u(o) = -2*o**3 + 3*o**2 + 3*o - 25. Determine u(5).
-185
Let m(k) = 100*k + 3005. Give m(-30).
5
Let h(d) = -16*d**3 + 6*d**2 + 12*d + 11. Calculate h(-3).
461
Let u(p) = 7*p**3 + 334*p**2 + 235*p + 37. Give u(-47).
37
Let z(y) = -29*y**2 - 71*y - 71. What is z(-1)?
-29
Let h(u) = u**3 + 9*u**2 + 11*u + 14. What is h(-8)?
-10
Let i(p) = -37*p + 1005. Determine i(23).
154
Let q(r) = -250*r + 40012. What is q(160)?
12
Let o(g) = -17*g**3 - 2*g + 1. Give o(-2).
141
Let k(j) = j**3 + 66*j**2 + 644*j - 28. Calculate k(-12).
20
Let s(r) = 2*r**2 - 548*r + 29842. What is s(75)?
-8
Let y(f) = -6*f**2 + 107*f - 74. Determine y(18).
-92
Let x(w) = -5*w**2 + 10*w + 25. Calculate x(-5).
-150
Let m(h) = -6*h**3 - h**2 + 16*h - 48. Determine m(3).
-171
Let g(o) = -201*o - 802. Determine g(-4).
2
Let a(h) = 28*h + 55. What is a(9)?
307
Let d(a) = -862*a + 6014. Calculate d(7).
-20
Let w(b) = 2*b**3 + 26*b**2 + 24*b - 38. Give w(-12).
-38
Let p(q) = q**2 - 115*q - 1947. Determine p(-15).
3
Let r(t) = t**2 - 164*t - 424. What is r(167)?
77
Let r(b) = 4*b**2 + 20*b + 23. Give r(-3).
-1
Let y(w) = w**3 - 12*w**2 - 6*w - 82. What is y(13)?
9
Let b(v) = v**3 + 4*v**2 - 59*v + 20. What is b(6)?
26
Let a(c) = -39*c + 72. Determine a(-3).
189
Let k(l) = -2*l**3 - 74*l**2 - 7*l + 62. Give k(-37).
321
Let a(n) = 5*n**2 - 152*n + 1193. What is a(10)?
173
Let w(u) = -u**3 + 6*u**2 + 17*u + 5. Calculate w(-2).
3
Let s(a) = 12*a**2 - 56*a - 3. Determine s(5).
17
Let s(k) = -k**3 + 5*k**2 - 113*k + 351. Calculate s(3).
30
Let h(x) = -55*x + 166. What is h(4)?
-54
Let s(m) = -193*m - 377. Give s(-2).
9
Let y(a) = -2573*a - 41169. What is y(-16)?
-1
Let o(u) = u**3 + 3*u**2 + 3*u - 6. Give o(0).
-6
Let p(f) = -f**3 - 22*f**2 - 7*f - 134. Determine p(-22).
20
Let d(f) = -f**2 - 59*f + 329. What is d(-29)?
1199
Let j(d) = -2*d**3 - 66*d**2 - 233*d - 27. Give j(-29).
2
Let m(b) = -10*b - 767. Calculate m(-32).
-447
Let d(s) = -3*s + 140. Determine d(44).
8
Let z(k) = 11*k**2 + 10*k - 9. Calculate z(1).
12
Let s(p) = p**3 - 6*p**2 - 149*p + 1065. Calculate s(8).
1
Let l(g) = 2*g**3 - 11*g**2 + 7*g + 4. Determine l(6).
82
Let t(f) = f**3 - 58*f**2 - 599*f - 269. What is t(67)?
-1
Let p(x) = -26*x + 967. Give p(39).
-47
Let n(x) = x**3 + 39*x**2 - 24*x + 622. Give n(-40).
-18
Let v(u) = u**3 + 40*u**2 + 112*u + 55. Determine v(-37).
18
Let i(a) = -99*a - 977. Give i(-10).
13
Let n(w) = -81*w + 1051. Give n(13).
-2
Let b(z) = z**3 - 4*z**2 + 3274*z - 16392. Give b(5).
3
Let i(w) = w**3 + 12*w**2 + 56*w + 76. What is i(-3)?
-11
Let y(o) = -o**3 + 35*o**2 + 12128*o + 192. Determine y(-94).
4
Let u(y) = 136*y - 2693. Give u(20).
27
Let n(v) = -384*v**2 - 1533*v + 4. Give n(-4).
-8
Let s(t) = 28*t**2 - 70*t + 6. What is s(3)?
48
Let f(h) = -2*h**2 - 152*h - 1202. Determine f(-8).
-114
Let s(a) = -39*a - 1324. Give s(-34).
2
Let x(w) = -650*w + 1969. Determine x(3).
19
Let d(p) = -52*p**2 + 15*p - 2. Determine d(1).
-39
Let q(w) = 55*w**2 + 2588*w + 142. Determine q(-47).
1
Let o(p) = -2*p**3 - 15*p**2 - 32*p - 465. Determine o(-11).
734
Let z(u) = -u**2 - 27*u - 89. Give z(-22).
21
Let h(u) = u**2 - 17*u - 97. Calculate h(-5).
13
Let i(m) = m**3 - 11*m**2 + 79*m - 445. Give i(8).
-5
Let m(t) = t**3 + 142*t**2 - 140*t + 427. Determine m(-143).
-2
Let i(x) = -44*x**2 + 34*x - 30. What is i(1)?
-40
Let z(w) = -w**2 - 1556*w + 7807. Calculate z(5).
2
Let c(r) = 99*r**2 - 300*r + 6. Give c(3).
-3
Let d(y) = -y**3 + 12*y**2 + 33*y - 51. Give d(14).
19
Let j(c) = 5*c - 156. What is j(-5)?
-181
Let b(i) = i**2 + 31*i - 587. Give b(-45).
43
Let k(d) = -3*d**2 + 28*d - 29. Determine k(1).
-4
Let g(b) = 467*b + 10276. Calculate g(-22).
2
Let q(g) = 62*g**3 + 3*g**2 - 18*g + 3. Calculate q(2).
475
Let r(l) = 14*l**2 - 361*l + 266. Give r(25).
-9
Let q(a) = -3*a**3 + 10*a**2 - 69*a + 302. Calculate q(4).
-6
Let d(c) = -c**2 + 45*c - 293. What is d(36)?
31
Let h(v) = v**3 - 21*v**2 + 23*v - 30. Calculate h(20).
30
Let s(i) = -i**2 + 3*i + 25. Determine s(-5).
-15
Let x(z) = -758*z - 3756. What is x(-5)?
34
Let n(s)